{"id":1597,"date":"2024-07-08T07:05:09","date_gmt":"2024-07-08T07:05:09","guid":{"rendered":"https:\/\/demo.awaikenthemes.com\/physiocare\/?page_id=1597"},"modified":"2026-02-24T16:04:19","modified_gmt":"2026-02-24T16:04:19","slug":"contact-us","status":"publish","type":"page","link":"https:\/\/www.meduswiat.pl\/?page_id=1597","title":{"rendered":"Kontakt"},"content":{"rendered":"\t\t<div data-elementor-type=\"wp-page\" data-elementor-id=\"1597\" class=\"elementor elementor-1597\">\n\t\t\t\t<div class=\"elementor-element elementor-element-9f09ac7 e-flex e-con-boxed e-con e-parent\" data-id=\"9f09ac7\" data-element_type=\"container\" data-e-type=\"container\" data-settings=\"{&quot;background_background&quot;:&quot;classic&quot;}\">\n\t\t\t\t\t<div class=\"e-con-inner\">\n\t\t<div class=\"elementor-element elementor-element-1836f6d e-con-full e-flex e-con e-child\" data-id=\"1836f6d\" data-element_type=\"container\" data-e-type=\"container\">\n\t\t\t\t<div class=\"elementor-element elementor-element-5a28c9b at-heading-animation at-animation-heading-style-2 elementor-widget elementor-widget-heading\" data-id=\"5a28c9b\" data-element_type=\"widget\" data-e-type=\"widget\" data-settings=\"{&quot;ekit_we_effect_on&quot;:&quot;none&quot;}\" data-widget_type=\"heading.default\">\n\t\t\t\t\t<h1 class=\"elementor-heading-title elementor-size-default\">Kontakt<\/h1>\t\t\t\t<\/div>\n\t\t\t\t<\/div>\n\t\t\t\t\t<\/div>\n\t\t\t\t<\/div>\n\t\t<div class=\"elementor-element elementor-element-1f08aa2 e-flex e-con-boxed e-con e-parent\" data-id=\"1f08aa2\" data-element_type=\"container\" data-e-type=\"container\">\n\t\t\t\t\t<div class=\"e-con-inner\">\n\t\t<div class=\"elementor-element elementor-element-0be4983 e-con-full e-flex elementor-invisible e-con e-child\" data-id=\"0be4983\" data-element_type=\"container\" data-e-type=\"container\" data-settings=\"{&quot;animation&quot;:&quot;fadeInUp&quot;}\">\n\t\t\t\t<div class=\"elementor-element elementor-element-3dc051f ekit-equal-height-disable elementor-widget elementor-widget-elementskit-icon-box\" data-id=\"3dc051f\" data-element_type=\"widget\" data-e-type=\"widget\" data-settings=\"{&quot;ekit_we_effect_on&quot;:&quot;none&quot;}\" data-widget_type=\"elementskit-icon-box.default\">\n\t\t\t\t\t<div class=\"ekit-wid-con\" >        <!-- link opening -->\n                <!-- end link opening -->\n\n        <div class=\"elementskit-infobox text-left text-left icon-top-align elementor-animation-   \">\n                    <div class=\"elementskit-box-header elementor-animation-\">\n                <div class=\"elementskit-info-box-icon  \">\n                    <svg xmlns=\"http:\/\/www.w3.org\/2000\/svg\" width=\"30\" height=\"31\" viewBox=\"0 0 30 31\" fill=\"none\"><path fill-rule=\"evenodd\" clip-rule=\"evenodd\" d=\"M14.0062 1.68745C13.9256 1.70163 13.7015 1.74059 13.5081 1.77411C10.985 2.21116 8.66929 3.95579 7.4857 6.31143C6.85898 7.55878 6.60579 8.62091 6.59882 10.0321C6.59378 11.0562 6.64722 11.4272 6.95085 12.4771C7.71902 15.1334 9.96914 18.9662 13.1061 22.9619C14.4104 24.6232 14.5339 24.7386 15.0083 24.7389C15.4744 24.7393 15.6459 24.5728 17.0897 22.7177C18.6134 20.7598 20.1236 18.5367 21.1102 16.7991C22.24 14.8095 22.8814 13.2914 23.2422 11.7538C23.3879 11.1329 23.4054 10.9497 23.4037 10.0614C23.4023 9.2638 23.3764 8.94639 23.274 8.46839C22.714 5.85528 21.0503 3.68362 18.7094 2.51022C17.5372 1.92258 16.6435 1.71147 15.2074 1.68276C14.6273 1.67122 14.0868 1.67327 14.0062 1.68745ZM13.85 3.61501C11.4294 4.05423 9.40347 5.89372 8.71177 8.28053C8.1774 10.1246 8.44599 11.7704 9.70054 14.3388C10.6263 16.234 12.1737 18.6507 13.972 21.0098C14.3614 21.5207 14.7459 22.0276 14.8265 22.1362C14.9071 22.2449 14.9862 22.333 15.0023 22.332C15.0184 22.331 15.1256 22.2064 15.2405 22.0552C15.3555 21.9039 15.7403 21.3979 16.0956 20.9306C17.8516 18.6213 19.5828 15.894 20.4099 14.1337C21.3579 12.116 21.6799 10.7143 21.5083 9.35128C21.1413 6.43524 18.9615 4.10895 16.1341 3.61589C15.53 3.51053 14.4281 3.51012 13.85 3.61501ZM14.1424 6.75036C13.6429 6.88126 13.4537 6.97266 12.9639 7.31942C12.1173 7.91889 11.5859 8.96116 11.5809 10.0321C11.5763 10.9972 11.8996 11.7929 12.5698 12.4667C13.9395 13.8435 16.0651 13.8435 17.4347 12.4667C18.105 11.7929 18.4283 10.9972 18.4237 10.0321C18.4133 7.82509 16.2802 6.19003 14.1424 6.75036ZM14.5918 8.55991C13.4932 8.92038 13.1067 10.1523 13.8049 11.0677C14.1373 11.5035 14.8631 11.7204 15.4539 11.5605C16.2585 11.3428 16.7515 10.363 16.4711 9.53901C16.373 9.25061 15.9885 8.82891 15.6804 8.67177C15.4252 8.54151 14.8331 8.48075 14.5918 8.55991ZM8.02962 20.1446C6.64206 20.6246 5.48958 21.2891 4.8679 21.9675C3.84872 23.0798 3.81175 24.4013 4.76724 25.5683C5.7866 26.8134 8.34369 27.8323 11.5745 28.281C13.7023 28.5765 16.458 28.5642 18.6644 28.2495C22.8768 27.6487 25.5492 26.15 25.9056 24.1887C26.0913 23.1668 25.4712 22.0375 24.2944 21.2545C23.3328 20.6146 21.549 19.8881 21.1318 19.9664C20.4854 20.0877 20.151 20.7315 20.4294 21.3184C20.5593 21.5921 20.7387 21.7052 21.389 21.9233C22.6734 22.3543 23.7857 23.0576 23.99 23.5682C24.1305 23.9195 24.0457 24.1249 23.5803 24.5603C22.5412 25.5322 20.0304 26.2953 17.0238 26.5528C16.1191 26.6302 13.8855 26.6302 12.9808 26.5528C9.97417 26.2953 7.46337 25.5322 6.42427 24.5603C5.95886 24.1249 5.87402 23.9195 6.01458 23.5682C6.21937 23.0565 7.32591 22.3583 8.60642 21.9329C9.24433 21.7209 9.44425 21.5941 9.57515 21.3184C9.78714 20.8716 9.6355 20.3368 9.23062 20.1032C8.89429 19.9092 8.68968 19.9163 8.02962 20.1446Z\" fill=\"#619E90\"><\/path><\/svg>\n                <\/div>\n          <\/div>\n                        <div class=\"box-body\">\n                            <h3 class=\"elementskit-info-box-title\">\n                    Lokalizacja                <\/h3>\n                        \t\t  \t<p>ul. Zaciszna 19, <br>72-006 Mierzyn\n<\/p>\n                                <\/div>\n        \n        \n                <\/div>\n        <\/div>\t\t\t\t<\/div>\n\t\t\t\t<\/div>\n\t\t<div class=\"elementor-element elementor-element-d854777 e-con-full e-flex elementor-invisible e-con e-child\" data-id=\"d854777\" data-element_type=\"container\" data-e-type=\"container\" data-settings=\"{&quot;animation&quot;:&quot;fadeInUp&quot;,&quot;animation_delay&quot;:100}\">\n\t\t\t\t<div class=\"elementor-element elementor-element-22392c6 ekit-equal-height-disable elementor-widget elementor-widget-elementskit-icon-box\" data-id=\"22392c6\" data-element_type=\"widget\" data-e-type=\"widget\" data-settings=\"{&quot;ekit_we_effect_on&quot;:&quot;none&quot;}\" data-widget_type=\"elementskit-icon-box.default\">\n\t\t\t\t\t<div class=\"ekit-wid-con\" >        <!-- link opening -->\n                <!-- end link opening -->\n\n        <div class=\"elementskit-infobox text-left text-left icon-top-align elementor-animation-   \">\n                    <div class=\"elementskit-box-header elementor-animation-\">\n                <div class=\"elementskit-info-box-icon  \">\n                    <svg xmlns=\"http:\/\/www.w3.org\/2000\/svg\" width=\"30\" height=\"31\" viewBox=\"0 0 30 31\" fill=\"none\"><path fill-rule=\"evenodd\" clip-rule=\"evenodd\" d=\"M3.75611 4.52652C2.12557 4.95355 0.920586 6.22662 0.609863 7.85055C0.486816 8.49355 0.486816 21.648 0.609863 22.291C0.898379 23.799 1.99256 25.0373 3.48588 25.5459L3.95463 25.7055L14.8238 25.7219C27.0333 25.7402 26.1114 25.7722 27.0992 25.2955C28.3912 24.6719 29.2627 23.4647 29.4703 22.0113C29.5177 21.6788 29.5315 19.598 29.5184 14.7485C29.498 7.18973 29.5274 7.74191 29.0977 6.83834C28.5445 5.67525 27.5335 4.8448 26.2807 4.52436C25.828 4.40857 25.649 4.40676 15.0048 4.40992C4.50424 4.41309 4.17641 4.41648 3.75611 4.52652ZM3.96998 6.10252C3.09137 6.38336 2.37629 7.15598 2.17109 8.04607C2.13295 8.21131 2.11127 10.7216 2.11033 15.0731C2.1091 21.0057 2.12018 21.8862 2.19986 22.1922C2.36451 22.8245 2.76535 23.3648 3.35234 23.7456C4.03631 24.1894 3.15945 24.16 15.1753 24.1407L25.9273 24.1235L26.252 23.992C26.9101 23.7256 27.4969 23.119 27.7837 22.409L27.9195 22.0727L27.9353 15.247C27.946 10.635 27.9311 8.32475 27.8895 8.124C27.6944 7.18428 27.0121 6.42203 26.0871 6.11043C25.7265 5.98896 25.7069 5.98873 15.0161 5.99189C4.79481 5.99488 4.29084 5.99992 3.96998 6.10252ZM4.54057 9.23271C4.23559 9.37129 4.13041 9.53969 4.13041 9.88967C4.13041 10.1978 4.13809 10.2119 4.51127 10.5921C4.99303 11.083 6.39728 12.3733 8.05619 13.8494C8.76518 14.4802 9.39102 15.0477 9.44703 15.1105C9.54576 15.2213 9.47973 15.2935 7.20014 17.5645C5.90844 18.8513 4.82773 19.9487 4.79861 20.0032C4.76949 20.0576 4.74564 20.1988 4.74564 20.3169C4.74564 20.4831 4.79076 20.5768 4.94486 20.7309C5.16834 20.9544 5.35285 20.9828 5.63475 20.837C5.73383 20.7858 6.5433 20.0276 7.43357 19.1523C8.32385 18.277 9.38732 17.2337 9.79684 16.834L10.5413 16.1072L10.7929 16.3186C10.9313 16.4348 11.3213 16.7698 11.6597 17.0629C12.6087 17.8852 13.3544 18.2151 14.5701 18.3507C15.6638 18.4728 16.7911 18.1672 17.812 17.472C17.9893 17.3513 18.418 16.999 18.7647 16.689C19.1114 16.379 19.4146 16.1258 19.4386 16.1262C19.4624 16.1266 20.5498 17.1718 21.855 18.4487C23.2296 19.7937 24.3103 20.8053 24.4235 20.8533C24.932 21.0684 25.455 20.4787 25.1919 19.987C25.158 19.9237 24.0766 18.8271 22.7888 17.55C20.5021 15.2824 20.4498 15.2253 20.5506 15.1118C20.6074 15.0478 21.2339 14.48 21.9429 13.8499C23.4209 12.5364 25.0804 11.0093 25.5362 10.5432C25.7785 10.2955 25.8553 10.1719 25.8796 9.99092C25.9152 9.72561 25.7991 9.4477 25.5923 9.30285C25.3762 9.15139 24.957 9.18473 24.7156 9.37252C24.6017 9.46117 23.0611 10.8392 21.2921 12.4349C17.2007 16.1255 17.0485 16.257 16.586 16.4995C15.9903 16.8117 15.5489 16.9047 14.8238 16.8707C13.8558 16.8253 13.364 16.5994 12.4112 15.7628C12.1429 15.5273 10.4763 14.0294 8.7077 12.4341C6.9391 10.8388 5.39662 9.46158 5.27996 9.37346C5.01775 9.17535 4.77037 9.12824 4.54057 9.23271Z\" fill=\"#619E90\"><\/path><\/svg>\n                <\/div>\n          <\/div>\n                        <div class=\"box-body\">\n                            <h3 class=\"elementskit-info-box-title\">\n                    Email                <\/h3>\n                        \t\t  \t<p><a href=\"mailto:meduswiat@gmail.com\">meduswiat@gmail.com<\/a><\/p>\n                                <\/div>\n        \n        \n                <\/div>\n        <\/div>\t\t\t\t<\/div>\n\t\t\t\t<\/div>\n\t\t<div class=\"elementor-element elementor-element-1443366 e-con-full e-flex elementor-invisible e-con e-child\" data-id=\"1443366\" data-element_type=\"container\" data-e-type=\"container\" data-settings=\"{&quot;animation&quot;:&quot;fadeInUp&quot;,&quot;animation_delay&quot;:200}\">\n\t\t\t\t<div class=\"elementor-element elementor-element-6767091 ekit-equal-height-disable elementor-widget elementor-widget-elementskit-icon-box\" data-id=\"6767091\" data-element_type=\"widget\" data-e-type=\"widget\" data-settings=\"{&quot;ekit_we_effect_on&quot;:&quot;none&quot;}\" data-widget_type=\"elementskit-icon-box.default\">\n\t\t\t\t\t<div class=\"ekit-wid-con\" >        <!-- link opening -->\n                <!-- end link opening -->\n\n        <div class=\"elementskit-infobox text-left text-left icon-top-align elementor-animation-   \">\n                    <div class=\"elementskit-box-header elementor-animation-\">\n                <div class=\"elementskit-info-box-icon  \">\n                    <svg xmlns=\"http:\/\/www.w3.org\/2000\/svg\" width=\"30\" height=\"31\" viewBox=\"0 0 30 31\" fill=\"none\"><g clip-path=\"url(#clip0_129_629)\"><path fill-rule=\"evenodd\" clip-rule=\"evenodd\" d=\"M16.1507 0.18822C15.6125 0.516287 15.5896 1.29031 16.108 1.62992C16.192 1.685 16.5954 1.8057 17.0043 1.89816C19.8015 2.53051 22.0416 3.73449 24.0666 5.69381C26.1412 7.70094 27.6467 10.4568 28.1493 13.167C28.2487 13.7032 28.3401 13.9118 28.5542 14.092C28.9752 14.4462 29.6084 14.3054 29.8513 13.8037L29.9794 13.5392L29.8514 12.897C29.2217 9.73625 27.731 6.94607 25.4433 4.64592C23.1804 2.37078 20.488 0.892048 17.377 0.215642C16.5743 0.04115 16.3983 0.0372242 16.1507 0.18822ZM5.35528 1.83388C4.98503 1.87871 4.54071 2.03926 4.13975 2.27316C3.82716 2.45545 1.95292 4.27261 1.24446 5.08015C0.686766 5.7159 0.309305 6.41422 0.13077 7.14054C-0.0322382 7.80388 -0.0447772 9.13109 0.103992 9.97367C1.00458 15.0744 5.39583 21.4556 10.7752 25.4809C13.0509 27.1838 15.7609 28.6579 17.9652 29.392C19.444 29.8845 20.3074 30.0393 21.5565 30.0361C22.4064 30.0338 22.5432 30.0187 23.0213 29.8733C23.6093 29.6945 24.1677 29.4095 24.5936 29.0706C24.7494 28.9466 25.4787 28.226 26.2143 27.4693C27.4079 26.2414 27.5769 26.0432 27.785 25.6274C28.2355 24.7274 28.2439 23.9278 27.8121 23.0401C27.6124 22.6293 27.4547 22.4567 25.3977 20.3954C23.334 18.3274 23.1697 18.1769 22.7576 17.9768C21.9205 17.5703 21.1097 17.573 20.2861 17.985C19.945 18.1556 19.653 18.4024 18.6008 19.4094L17.328 20.6274L16.7075 20.2886C14.1285 18.8811 10.9847 15.7102 9.60163 13.1216L9.34552 12.6423L10.4756 11.4984C11.9771 9.97859 12.2471 9.55543 12.3124 8.61957C12.3509 8.06832 12.2642 7.67386 11.9855 7.13187C11.8074 6.78553 11.5509 6.49426 10.3374 5.26015C7.58653 2.4626 7.22237 2.14642 6.49786 1.92605C6.12731 1.81338 5.76567 1.7842 5.35528 1.83388ZM5.20206 3.67455C4.98942 3.78054 4.54569 4.18783 3.5902 5.15404C1.82243 6.94162 1.75018 7.07721 1.75434 8.59672C1.75663 9.41029 1.77848 9.62598 1.9197 10.2284C2.49016 12.6615 3.98149 15.6303 5.91251 18.1768C8.85444 22.0565 12.2092 24.8534 16.283 26.8228C18.2375 27.7676 19.7412 28.2318 21.2056 28.3423C21.9292 28.3969 22.4458 28.3058 23.0213 28.0222C23.4547 27.8087 23.5898 27.6905 24.8118 26.4557C25.7081 25.5501 26.1749 25.034 26.262 24.8526C26.4126 24.5388 26.4267 24.178 26.2999 23.8732C26.1874 23.6028 22.3045 19.6868 21.9836 19.5202C21.7213 19.384 21.3659 19.3752 21.0728 19.4976C20.9355 19.555 20.3747 20.0669 19.5359 20.9005C17.7061 22.7189 17.6669 22.7328 16.3256 22.0368C14.5734 21.1277 13.0428 19.9556 11.39 18.2575C9.77829 16.6016 8.65681 15.1101 7.96868 13.7074C7.57024 12.8952 7.49149 12.5783 7.58741 12.1735C7.65315 11.8963 7.74526 11.789 9.07323 10.4424C10.2356 9.26375 10.5015 8.96369 10.5588 8.7657C10.7507 8.10359 10.6999 8.0317 8.44241 5.76752C6.41097 3.73015 6.16446 3.52836 5.70684 3.52836C5.59059 3.52836 5.36343 3.59416 5.20206 3.67455ZM15.9868 5.57674C15.9206 5.60357 15.7822 5.72146 15.6792 5.83871C15.5182 6.02211 15.492 6.09617 15.492 6.36769C15.492 6.62281 15.5215 6.71844 15.6455 6.8658C15.8469 7.10521 16.0117 7.18332 16.576 7.30695C18.0818 7.63683 19.4012 8.36832 20.5345 9.50152C21.6963 10.6634 22.3783 11.9345 22.7822 13.6911C22.9142 14.2652 23.2072 14.5442 23.6775 14.5437C24.0992 14.5433 24.5147 14.1457 24.5152 13.7421C24.5156 13.4504 24.355 12.7587 24.1323 12.0934C23.0564 8.8782 20.3434 6.4117 17.0278 5.63439C16.5154 5.51428 16.1861 5.49605 15.9868 5.57674Z\" fill=\"#619E90\"><\/path><\/g><defs><clipPath id=\"clip0_129_629\"><rect width=\"30\" height=\"30\" fill=\"white\" transform=\"translate(0 0.0712891)\"><\/rect><\/clipPath><\/defs><\/svg>\n                <\/div>\n          <\/div>\n                        <div class=\"box-body\">\n                            <h3 class=\"elementskit-info-box-title\">\n                    Phone                <\/h3>\n                        \t\t  \t<p><a href=\"tel:794 030 990\">794 030 990<\/a><\/p>\n                                <\/div>\n        \n        \n                <\/div>\n        <\/div>\t\t\t\t<\/div>\n\t\t\t\t<\/div>\n\t\t<div class=\"elementor-element elementor-element-fa42438 e-con-full e-flex elementor-invisible e-con e-child\" data-id=\"fa42438\" data-element_type=\"container\" data-e-type=\"container\" data-settings=\"{&quot;animation&quot;:&quot;fadeInUp&quot;,&quot;animation_delay&quot;:300}\">\n\t\t\t\t<div class=\"elementor-element elementor-element-a7b68a6 ekit-equal-height-disable elementor-widget elementor-widget-elementskit-icon-box\" data-id=\"a7b68a6\" data-element_type=\"widget\" data-e-type=\"widget\" data-settings=\"{&quot;ekit_we_effect_on&quot;:&quot;none&quot;}\" data-widget_type=\"elementskit-icon-box.default\">\n\t\t\t\t\t<div class=\"ekit-wid-con\" >        <!-- link opening -->\n                <!-- end link opening -->\n\n        <div class=\"elementskit-infobox text-left text-left icon-top-align elementor-animation-   \">\n                    <div class=\"elementskit-box-header elementor-animation-\">\n                <div class=\"elementskit-info-box-icon  \">\n                    <svg xmlns=\"http:\/\/www.w3.org\/2000\/svg\" width=\"31\" height=\"31\" viewBox=\"0 0 31 31\" fill=\"none\"><path fill-rule=\"evenodd\" clip-rule=\"evenodd\" d=\"M15.525 4.31497C12.6279 4.57091 9.73924 6.03095 7.83711 8.20073C6.84794 9.32907 5.91917 10.9428 5.47409 12.3063C5.35842 12.6608 5.19465 13.3068 5.11016 13.7419C5.02573 14.1769 4.94774 14.5444 4.9369 14.5585C4.92606 14.5726 4.52686 14.1969 4.04973 13.7235C3.20733 12.8879 3.1751 12.863 2.93469 12.863C2.60622 12.863 2.3784 12.989 2.26145 13.2355C2.14356 13.4839 2.13963 13.6985 2.2492 13.9059C2.39264 14.1775 5.22465 16.9522 5.40336 16.9962C5.83151 17.1018 5.91665 17.0405 7.42555 15.54C8.99475 13.9795 9.1444 13.7786 9.0278 13.3895C8.89754 12.9549 8.39821 12.7292 8.00651 12.9279C7.93614 12.9636 7.55733 13.3108 7.16475 13.6995L6.4509 14.406L6.56862 13.8543C7.57848 9.12077 11.7833 5.70657 16.5921 5.71554C19.9347 5.72181 23.164 7.41792 25.0125 10.1384C25.7836 11.2731 26.184 12.1502 26.5109 13.4196C26.7825 14.4747 26.8568 15.2058 26.8146 16.4079C26.7452 18.3812 26.2142 19.9999 25.0619 21.7509C24.5063 22.5954 23.2497 23.8593 22.4092 24.4194C21.2734 25.1762 20.3172 25.602 19.0159 25.9307C18.1005 26.1619 17.2551 26.244 16.1989 26.2045C12.8899 26.0806 9.8668 24.3861 8.07958 21.6537C7.50448 20.7745 7.46077 20.7249 7.19797 20.6541C6.76655 20.5379 6.31708 20.8856 6.30501 21.3447C6.29803 21.6104 6.62358 22.1918 7.25897 23.0483C7.76147 23.7257 8.9804 24.9249 9.67555 25.4258C12.8155 27.6884 16.7524 28.2824 20.3942 27.0431C23.3557 26.0352 25.7881 23.8582 27.1514 20.9954C27.8983 19.4271 28.2137 18.136 28.2795 16.3786C28.455 11.6897 25.817 7.38206 21.5309 5.35823C19.7261 4.50605 17.5807 4.13339 15.525 4.31497ZM16.2207 10.032C15.8696 10.2499 15.8766 10.1829 15.8766 13.2997C15.8766 15.6586 15.8911 16.1773 15.9604 16.3083C16.0065 16.3953 17.1073 17.5252 18.4067 18.8192C20.8899 21.2921 20.9056 21.3049 21.3233 21.2131C21.4187 21.1922 21.5769 21.0837 21.6749 20.9721C21.8193 20.8076 21.8531 20.7168 21.8531 20.4945V20.22L19.5973 17.9614L17.3414 15.7028V13.1384C17.3414 10.3559 17.3367 10.3107 17.0183 10.0603C16.8226 9.9064 16.4447 9.89292 16.2207 10.032Z\" fill=\"#619E90\"><\/path><\/svg>\n                <\/div>\n          <\/div>\n                        <div class=\"box-body\">\n                            <h3 class=\"elementskit-info-box-title\">\n                    Godziny otwarcia                <\/h3>\n                        \t\t  \t<p>Pon.-pt. : 10:00 - 18:00<br>\nSob : 10:00 - 18:00<\/p>\n                                <\/div>\n        \n        \n                <\/div>\n        <\/div>\t\t\t\t<\/div>\n\t\t\t\t<\/div>\n\t\t\t\t\t<\/div>\n\t\t\t\t<\/div>\n\t\t<div class=\"elementor-element elementor-element-65e4304 e-flex e-con-boxed e-con e-parent\" data-id=\"65e4304\" data-element_type=\"container\" data-e-type=\"container\">\n\t\t\t\t\t<div class=\"e-con-inner\">\n\t\t<div class=\"elementor-element elementor-element-ad3a2c9 e-con-full e-flex e-con e-child\" data-id=\"ad3a2c9\" data-element_type=\"container\" data-e-type=\"container\">\n\t\t\t\t<div class=\"elementor-element elementor-element-36c81ff image-anime contact-us-img at-image-animation at-animation-image-style-1 elementor-widget elementor-widget-image\" data-id=\"36c81ff\" data-element_type=\"widget\" data-e-type=\"widget\" data-settings=\"{&quot;ekit_we_effect_on&quot;:&quot;none&quot;}\" data-widget_type=\"image.default\">\n\t\t\t\t\t\t\t\t\t\t\t\t\t\t\t<img fetchpriority=\"high\" decoding=\"async\" width=\"635\" height=\"643\" src=\"https:\/\/www.meduswiat.pl\/wp-content\/uploads\/2024\/07\/contact-us-img.jpg\" class=\"attachment-full size-full wp-image-1736\" alt=\"\" srcset=\"https:\/\/www.meduswiat.pl\/wp-content\/uploads\/2024\/07\/contact-us-img.jpg 635w, https:\/\/www.meduswiat.pl\/wp-content\/uploads\/2024\/07\/contact-us-img-296x300.jpg 296w\" sizes=\"(max-width: 635px) 100vw, 635px\" \/>\t\t\t\t\t\t\t\t\t\t\t\t\t\t\t<\/div>\n\t\t\t\t<\/div>\n\t\t<div class=\"elementor-element elementor-element-1dac71a e-con-full e-flex e-con e-child\" data-id=\"1dac71a\" data-element_type=\"container\" data-e-type=\"container\">\n\t\t\t\t<div class=\"elementor-element elementor-element-b42e4dc at-heading-animation at-animation-heading-style-2 elementor-widget elementor-widget-heading\" data-id=\"b42e4dc\" data-element_type=\"widget\" data-e-type=\"widget\" data-settings=\"{&quot;ekit_we_effect_on&quot;:&quot;none&quot;}\" data-widget_type=\"heading.default\">\n\t\t\t\t\t<h2 class=\"elementor-heading-title elementor-size-default\"><span>Zapraszamy<\/span> do kontaktu<\/h2>\t\t\t\t<\/div>\n\t\t\t\t<div class=\"elementor-element elementor-element-43bf49d contactform  elementor-invisible elementor-widget elementor-widget-elementskit-contact-form7\" data-id=\"43bf49d\" data-element_type=\"widget\" data-e-type=\"widget\" data-settings=\"{&quot;_animation&quot;:&quot;fadeInUp&quot;,&quot;_animation_delay&quot;:100,&quot;ekit_we_effect_on&quot;:&quot;none&quot;}\" data-widget_type=\"elementskit-contact-form7.default\">\n\t\t\t\t\t<div class=\"ekit-wid-con\" ><div class=\"ekit-form\">\n<div class=\"wpcf7 no-js\" id=\"wpcf7-f1761-p1597-o1\" lang=\"en-US\" dir=\"ltr\" data-wpcf7-id=\"1761\">\n<div class=\"screen-reader-response\"><p role=\"status\" aria-live=\"polite\" aria-atomic=\"true\"><\/p> <ul><\/ul><\/div>\n<form action=\"\/?page_id=1597#wpcf7-f1761-p1597-o1\" method=\"post\" class=\"wpcf7-form init\" aria-label=\"Contact form\" novalidate=\"novalidate\" data-status=\"init\">\n<fieldset class=\"hidden-fields-container\"><input type=\"hidden\" name=\"_wpcf7\" value=\"1761\" \/><input type=\"hidden\" name=\"_wpcf7_version\" value=\"6.1.5\" \/><input type=\"hidden\" name=\"_wpcf7_locale\" value=\"en_US\" \/><input type=\"hidden\" name=\"_wpcf7_unit_tag\" value=\"wpcf7-f1761-p1597-o1\" \/><input type=\"hidden\" name=\"_wpcf7_container_post\" value=\"1597\" \/><input type=\"hidden\" name=\"_wpcf7_posted_data_hash\" value=\"\" \/>\n<\/fieldset>\n<div class=\"row\">\n\t<div class=\"form-group col-md-6 mb-4\">\n\t\t<p><span class=\"wpcf7-form-control-wrap\" data-name=\"your-name\"><input size=\"40\" maxlength=\"400\" class=\"wpcf7-form-control wpcf7-text wpcf7-validates-as-required form-control\" id=\"name\" aria-required=\"true\" aria-invalid=\"false\" placeholder=\"Podaj imi\u0119\" value=\"\" type=\"text\" name=\"your-name\" \/><\/span>\n\t\t<\/p>\n\t<\/div>\n\t<div class=\"form-group col-md-6 mb-4\">\n\t\t<p><span class=\"wpcf7-form-control-wrap\" data-name=\"email\"><input size=\"40\" maxlength=\"400\" class=\"wpcf7-form-control wpcf7-email wpcf7-validates-as-required wpcf7-text wpcf7-validates-as-email form-control\" id=\"email\" aria-required=\"true\" aria-invalid=\"false\" placeholder=\"Podaj Email\" value=\"\" type=\"email\" name=\"email\" \/><\/span>\n\t\t<\/p>\n\t<\/div>\n\t<div class=\"form-group col-md-6 mb-4\">\n\t\t<p><span class=\"wpcf7-form-control-wrap\" data-name=\"phone\"><input size=\"40\" maxlength=\"400\" class=\"wpcf7-form-control wpcf7-text wpcf7-validates-as-required form-control\" id=\"phone\" aria-required=\"true\" aria-invalid=\"false\" placeholder=\"Podaj Numer Telefonu\" value=\"\" type=\"text\" name=\"phone\" \/><\/span>\n\t\t<\/p>\n\t<\/div>\n\t<div class=\"form-group col-md-12 mb-4\">\n\t\t<p><span class=\"wpcf7-form-control-wrap\" data-name=\"message\"><textarea cols=\"40\" rows=\"10\" maxlength=\"2000\" class=\"wpcf7-form-control wpcf7-textarea form-control\" id=\"msg\" aria-invalid=\"false\" placeholder=\"Tre\u015b\u0107 wiadomo\u015bci\" name=\"message\"><\/textarea><\/span>\n\t\t<\/p>\n\t<\/div>\n\t<div class=\"col-md-12 form-btn text-left\">\n\t\t<p><input class=\"wpcf7-form-control wpcf7-submit has-spinner contact-btn\" id=\"msgSubmit\" type=\"submit\" value=\"Wy\u015blij\" \/>\n\t\t<\/p>\n\t<\/div>\n<\/div><p style=\"display: none !important;\" class=\"akismet-fields-container\" data-prefix=\"_wpcf7_ak_\"><label>&#916;<textarea name=\"_wpcf7_ak_hp_textarea\" cols=\"45\" rows=\"8\" maxlength=\"100\"><\/textarea><\/label><input type=\"hidden\" id=\"ak_js_1\" name=\"_wpcf7_ak_js\" value=\"154\"\/><script>document.getElementById( \"ak_js_1\" ).setAttribute( \"value\", ( new Date() ).getTime() );<\/script><\/p><div class=\"wpcf7-response-output\" aria-hidden=\"true\"><\/div>\n<\/form>\n<\/div>\n<\/div><\/div>\t\t\t\t<\/div>\n\t\t\t\t<\/div>\n\t\t\t\t\t<\/div>\n\t\t\t\t<\/div>\n\t\t<div class=\"elementor-element elementor-element-e750e73 e-con-full e-flex e-con e-parent\" data-id=\"e750e73\" data-element_type=\"container\" data-e-type=\"container\">\n\t\t\t\t<div class=\"elementor-element elementor-element-f3bc471 elementor-invisible elementor-widget elementor-widget-google_maps\" data-id=\"f3bc471\" data-element_type=\"widget\" data-e-type=\"widget\" data-settings=\"{&quot;_animation&quot;:&quot;fadeIn&quot;,&quot;_animation_delay&quot;:100,&quot;ekit_we_effect_on&quot;:&quot;none&quot;}\" data-widget_type=\"google_maps.default\">\n\t\t\t\t\t\t\t<div class=\"elementor-custom-embed\">\n\t\t\t<iframe loading=\"lazy\"\n\t\t\t\t\tsrc=\"https:\/\/maps.google.com\/maps?q=ul.%20Zaciszna%2019%2072-006%20Mierzyn&#038;t=m&#038;z=12&#038;output=embed&#038;iwloc=near\"\n\t\t\t\t\ttitle=\"ul. Zaciszna 19 72-006 Mierzyn\"\n\t\t\t\t\taria-label=\"ul. Zaciszna 19 72-006 Mierzyn\"\n\t\t\t><\/iframe>\n\t\t<\/div>\n\t\t\t\t\t\t<\/div>\n\t\t\t\t<\/div>\n\t\t\t\t<\/div>\n\t\t","protected":false},"excerpt":{"rendered":"<p>Kontakt Lokalizacja ul. Zaciszna 19, 72-006 Mierzyn Email meduswiat@gmail.com Phone 794 030 [&hellip;]<\/p>\n","protected":false},"author":1,"featured_media":0,"parent":0,"menu_order":0,"comment_status":"closed","ping_status":"closed","template":"elementor_header_footer","meta":{"footnotes":""},"class_list":["post-1597","page","type-page","status-publish","hentry"],"_links":{"self":[{"href":"https:\/\/www.meduswiat.pl\/index.php?rest_route=\/wp\/v2\/pages\/1597","targetHints":{"allow":["GET"]}}],"collection":[{"href":"https:\/\/www.meduswiat.pl\/index.php?rest_route=\/wp\/v2\/pages"}],"about":[{"href":"https:\/\/www.meduswiat.pl\/index.php?rest_route=\/wp\/v2\/types\/page"}],"author":[{"embeddable":true,"href":"https:\/\/www.meduswiat.pl\/index.php?rest_route=\/wp\/v2\/users\/1"}],"replies":[{"embeddable":true,"href":"https:\/\/www.meduswiat.pl\/index.php?rest_route=%2Fwp%2Fv2%2Fcomments&post=1597"}],"version-history":[{"count":65,"href":"https:\/\/www.meduswiat.pl\/index.php?rest_route=\/wp\/v2\/pages\/1597\/revisions"}],"predecessor-version":[{"id":7373,"href":"https:\/\/www.meduswiat.pl\/index.php?rest_route=\/wp\/v2\/pages\/1597\/revisions\/7373"}],"wp:attachment":[{"href":"https:\/\/www.meduswiat.pl\/index.php?rest_route=%2Fwp%2Fv2%2Fmedia&parent=1597"}],"curies":[{"name":"wp","href":"https:\/\/api.w.org\/{rel}","templated":true}]}}